0 + 45 + (48 - (73 + 9))?
55
Calculate -2793 + 2782 + -39 + (-2 - -3) + 2.
-47
Evaluate 9 + (-9 + 1 - (97 + -102)) + 1.
7
Calculate 181 + -172 - (18 - 18).
9
What is (-140 + 81 - -23) + 76?
40
What is the value of (1 - -34 - 2) + 3 + (69 - (-23 - -87))?
41
What is (2319 - 2320) + (0 - -91)?
90
What is -22 + 2 + -7 + (0 - 0) + (-58 - -67)?
-18
What is 11 + (105 - 54) + -105?
-43
Calculate 15 + (3 - -8 - (30 + -4 + 10)).
-10
Evaluate (-14 - 26) + 8 + -8 - (33 + -12).
-61
99 + (-14 - (-2 - -1) - -4) + -8
82
Evaluate 40 + (-213 - -114) + 27.
-32
Calculate 60 - (26 + (-6 - 19) - -2).
57
What is 39 + (-141 - (63 + -122))?
-43
What is the value of 12 + (4 - 77) - -6?
-55
Evaluate (-13 - (-1 - -1) - (-5342 + 5326)) + -5 + 0.
-2
Evaluate (-11 - -13) + -52 + (4 - (11 + -6) - 6).
-57
Evaluate 0 - 80 - (-52 + 56 + (16 - 8) + -19).
-73
-12 + (2 - 1) + 12 + 2 - -2
5
What is the value of (-1 - 22) + -13 + (-11 - -3)?
-44
What is the value of (445 - 475) + (-1 - 1 - (-3 - -12)) + 0?
-41
What is (-269 - -261) + (2 - 2) + 15?
7
What is 11 + 90 - 28 - 66?
7
7 + (53 + -27 + -28 - (33 - (-5 + 2)))
-31
What is the value of (10 - (-19 + 22)) + (-70 - -43)?
-20
What is the value of 25 + -40 - (-3 + -1 + 10)?
-21
What is the value of (-54 - 37) + 185 - 185?
-91
What is (13 - (-4 - -37)) + 23 + -42?
-39
Calculate -6 + (-52 - (-23 - 4)) + (-3 - 6).
-40
Evaluate -7 + (50 - ((-36 - -1) + 11 + 7)).
60
Evaluate (-18 - (-46 + 16)) + (-4 - -34).
42
Calculate -6 + 36 + -3 + -6 + -15.
6
-32 + (-8 - -56) + -76
-60
1 + 0 + -6 + 62 + 13 + 2 + 18
90
What is the value of -82 - (39 - (18 - 16) - 54)?
-65
Calculate (-15 - -8 - -14 - (7 - -30)) + -10.
-40
Calculate -2204 - -2086 - (-131 + 3).
10
Evaluate 21 + -18 + (7 + (12 - 23) - 28).
-29
What is 57 - (-14 - (-91 + 36))?
16
-36 + (11 - (-17 + -3 - (100 + -137)))
-42
What is the value of (-160 - -300) + -200 + -1 + 31?
-30
What is the value of -52 + 4 + 29 - (1 + -66)?
46
What is (-1 + (16 - 29) - -22) + (-1 - -6)?
13
Evaluate (-6 - -4) + (39 - 34) + -47.
-44
Evaluate (-23 - (-42 - -27) - (1 + -5)) + -32.
-36
Evaluate 16 + (-2 + 1 - 3) - 25 - -5.
-8
What is the value of 99 + 2 - (321 + -248)?
28
(5 + -19 - 18) + 2 - (18 + -8)
-40
(97 - -19 - 52) + -44
20
What is the value of (-12 - (1 - -5)) + -17 - (-8 - 3)?
-24
What is 336 + 333 + -634 + (1 - -32)?
68
What is the value of (2 - 8 - -39) + 20 + -12?
41
What is the value of -27 + (-27 - -30 - -106) - 43?
39
(719 - 679) + (0 - 37) - ((2 - 1) + -12)
14
What is 31 - (-2 - -1) - (-30 + 45 - 30)?
47
What is 19 + -10 + -10 + (24 - 24) + 84?
83
What is -5 + 3 + -10 - (3 + -17 + -9)?
11
Calculate 25 - (9 - -23 - 30).
23
What is -22 - (-52 - (-30 - -5)) - (44 + 0)?
-39
Calculate 184 - (-79 - -55 - -137).
71
Evaluate 49 - (-34 + (55 - 17)).
45
What is (-41 - 0) + -266 + 310?
3
(104 - (-17 + 158)) + (-5 - 41)
-83
What is -26 + 0 + -16 + 26 + (-30 + -3 - -10)?
-39
Calculate 9 + (6 - (-17 + 3 + 1 + -6 - -1)).
33
What is 28 + (-15 - (-6 + 24))?
-5
(-31 + 28 - (-19 + -1)) + -84
-67
Calculate (-12 - 2) + -70 + 79 + (1 - (-1 - -3)).
-6
Calculate (-2 + 1 + 1 - (-33 + 22)) + -81 + -5.
-75
(58 + -2 - -2) + 15 + -1 + 3 + -14
61
Evaluate 816 + -803 + -7 + 0 + 6.
12
(-42 - -54) + -55 + (4 - 1) + 10
-30
What is the value of 10 - 9 - (1 - -42)?
-42
Calculate 76 + -1 + 261 + -415.
-79
What is the value of (-104 - -80 - (0 - 5)) + 70?
51
What is the value of 10 + 0 - -2 - 7 - -16?
21
Calculate 6 - ((0 + 5 - (50 + -47)) + -9).
13
Calculate -66 - 1 - ((3747 - 3667) + 2 + -65).
-84
What is the value of 1 + -8 - 3 - (12 - (50 + -29))?
-1
Calculate (-1 + -12 - (-28 - -5)) + -13 + 46.
43
Evaluate 15 + -74 + (64 - -30).
35
Evaluate (7 - 5 - -15) + 2 + -5 - (1121 + -1109).
2
-2 - -37 - (2 - (-5 - -17))
45
What is the value of -54 + 0 - (1 + (-7 - 4) - (-2 + -17))?
-63
What is the value of -3 + 5 + -46 - (-7 + 21 - 28)?
-30
Calculate -30 - ((23 - 3) + (32 - 71 - -9)).
-20
Evaluate 63 + -21 - (1 + 36 + -5).
10
Evaluate 30 - (80 + (-15 - 22)).
-13
-44 - (-28 + 9 + (15 - 16))
-24
Calculate -3 + 198 - (-1037 - -1157).
75
-9012 - -9103 - (-1 + 186)
-94
What is the value of (2 - 3 - (1 + -41)) + -5 + (-13 - -6)?
27
What is (22 + 12 - -26 - 40) + 19 + 0?
39
Calculate -2 + 2 + 10 + -1985 + 1971 + -63.
-67
Evaluate (32 + -35 - (1 - 8)) + (6 - -17 - -41).
68
What is the value of 4 + (64 - (-2 - -6)) - (-8 - (-5 - -10))?
77
Evaluate 31 - (-8 + -8 - -28) - (11 + 0).
8
Evaluate -16 - (-68 - -39) - (98 - 0).
-85
What is 29 + (-10 + 19 - 20) - (20 + -22)?
20
Evaluate (0 - 4 - -24) + 181 + -244.
-43
Calculate -74 - (-16 - (-10 - -28)).
-40
Evaluate 1 + (14 + -23 - 26).
-34
-2 + -4 + 122 + 0 - (-259 + 244)
131
Evaluate -6 + (1 - (-9 + -2 + 3) - (21 - 70)).
52
Evaluate -78 + 59 + (1 - -2 - -7) - (-3 - -16).
-22
Calculate 38 - (-6 + 3 - (19 - (30 + -16))).
46
What is the value of -13 - (4 + -17 + (-6 - -8 - -4 - -2))?
-8
-7 + 0 - (-91 - (13 - 72))
25
Evaluate -35 - ((11 - (-5 - -26)) + -7).
-18
What is the value of (-7 - 9 - (-10 + 2 + -1) - -13) + -81?
-75
Evaluate 16 - (-58 + 55) - -5.
24
What is (-68 - (2 - 2)) + -2 + -11981 + 11969?
-82
Calculate -14 - (34 + -36) - -65 - (0 - 12).
65
What is the value of (-104 - -121) + 2 + -4?
15
What is the value of 25 + (11 - (39 + -11)) - 103 - (6 - 1)?
-100
Evaluate -10 + (-17 - -8) + (1 - -7) + -2.
-13
(-5 - (-39 - 3)) + -2170 + 2081
-52
What is (12 - -3) + ((-25 - -18) + 17 - -36)?
61
Evaluate -61 + (66 + -31 - 14).
-40
What is the value of 10 - (-8908 - -8884 - (-2 - -1 - (-12 - -1)))?
44
What is the value of 16 - (-113 - -66 - -87)?
-24
Calculate 6 - 86 - -144 - 64.
0
What is (-37 - -19) + -12 + -18 - 19?
-67
Calculate 108 + -249 + 155 + (0 - 31).
-17
Calculate -42 - 2 - (-13 - (0 - (4 - (6 - 11)))).
-40
Calculate 1514 + -1454 + -38 + 0 + -32.
-10
10 + (-11 - -2) + 14 + 34 + (1 - -1)
51
Calculate 7 - (-4 + (7 - 11) + 26 + 0 + -16).
5
What is the value of (2 - 6) + -8 + 26 + -52 - -3?
-35
What is 51 + (-18 - (25 - -120)) + 14 + (-2 - -1)?
-99
What is -66 + 65 - (7 + 73) - -29?
-52
What is (7 - 1) + (-29 - -21) + (34 - 2) + -9?
21
What is the value of 367 + -343 + (6 - 1 - 0) - (-88 - -100)?
17
What is the value of 26 + -26 + -1 - (-4 + (6 - (-67 - 4)))?
-74
-32 - (18 + -32 + 33)
-51
Evaluate 2 - (-50 - -14 - -81).
-43
Evaluate 44 + (21 - (2 + 23 + -13)) + 0.
53
What is 58 - (-38 - -88) - ((3 - 2) + 11)?
-4
154 - 117 - (9 + -12)
40
What is the value of 58 + (-38 - -3) + -60?
-37
What is the value of 0 - -2 - (-8 + -21 + 23 + 41 - -6)?
-39
26 + -33 + (-4 - ((-8 - -6) + 5))
-14
What is -1 - -170 - (-2630 - -2729)?
70
What is the value of 75 - (-75 - (-134 + -48))?
-32
0 + -29 + -69 + 133 + -12
23
Evaluate 47 + -6 + -8 - (5 - (11 - (-8 + 11))).
36
What is the value of 23 + (0 - -16 - (16 - (3 - -7)))?
33
-43 + 54 - (6 + 3 - -4 - -1) - 24
-27
Calculate 2 + -3 + -1 + ((-108 - -37) + 0 - -22).
-51
Evaluate 84 + -60 + -50 - (0 - 35).
9
Calculate -8 + (11 - -2) + 3 - (-7 - (0 - -4)).
19
What is -22 - (-17 + -34 + 7 + 9)?
13
-2 - -23 - (-33 - (-12 - 29))
13
Calculate -2 + 15 - (57 - 8) - 3 - -12.
-27
(2 - 3 - -1) + 3586 + -3617
-31
Evaluate (-91 - (-191 + 89)) + 44.
55
Calculate -45 + 82 - -23 - -38.
98
What is the value of 15 - -64 - (1 + 13) - (-13 + 9 - -14)?
55
-28 + -37 + 134 + -29
40
Calculate -1913 + 1957 + (23 - (-2 - -2) - 3).
64
Evaluate -21 + (20 - (17 + ((9 - 6) + 3 - 12))).
-12
What is (20 - 6) + 0 + -7 - (11 - (3 - 1))?
-2
What is -1 - 15 - (-24 + -15 + 86 + -17)?
-46
56 + (0 + -2 - -4 - (-228 + 229))
57
What is the value of (8 - 25) + 79 - (-21 + (3 - -1))?
79
2 + 99 + 14209 + -14357
-47
What is 107 - (2 + (84 - 41))?
62
Calculate (-33 - (-31 + -3)) + 18 + -4 - (-5 + -1).
21
What is the value of -71 - (-222 + 190 - (-1 + -20))?
-60
Calculate 11 + 0 + 2 - (-3 - (21 + -23 + -35)).
-21
Calculate 736 + -818 + 4 + 68 + 2 + (0 - -1).
-7
Calculate -47 + -7 - 26 - (8 + -1 + (9 - 12)).
-84
Evaluate 70 - (-2 - (-3 + -25)).
44
What is the value of -15 + 45 + 4 + -13 - (32 - -1)?
-12
55 + -89 + 63 + -4
25
What is the value of 34 + 14 + -21 - (82 + 1)?
-56
Calculate (-5 - (-1 + 3 + 2)) + 7 + 4 + 47.
49
What is the value of -226 + 503 + -265 - (4 + 24 + (-1 - -2))?
-17
What is 8 + (29 + -13 + 0 - 44) - 8?
-28
Calculate -42 - (10 - (25 - 13) - -14) - 12.
-66
What is the value of (-7 - 27) + (22 + -7